2 + 6*u - 1. Calculate q(3).
-100
Let j(m) = m**3 + m**2 - 18*m - 91. Determine j(-4).
-67
Let k(x) = -24*x + 1038. Determine k(60).
-402
Let u(w) = -14*w - 1374. Give u(-98).
-2
Let x(r) = r**3 + 4*r**2 - 48*r + 3. Determine x(-9).
30
Let u(r) = -67*r - 5366. Calculate u(-80).
-6
Let n(v) = -7*v**2 - 76*v - 2. Determine n(-7).
187
Let l(g) = 2*g**3 + 92*g**2 + 88*g - 74. Determine l(-45).
16
Let h(t) = -t**2 - 137*t - 4229. What is h(-90)?
1
Let y(p) = 5*p**3 + 9*p**2 + p - 4. Give y(-2).
-10
Let z(j) = -93*j - 1292. Determine z(-14).
10
Let m(f) = 6*f + 344. Determine m(-48).
56
Let d(a) = -a**3 + 54*a**2 - 39*a - 531. What is d(53)?
211
Let z(q) = 952*q - 2852. Calculate z(3).
4
Let j(d) = d**3 - 16*d**2 - 218*d + 69. What is j(-9)?
6
Let l(x) = 25*x**2 - 350*x - 37. What is l(15)?
338
Let j(q) = -3262*q - 42408. Determine j(-13).
-2
Let f(i) = 125*i + 575. Determine f(-8).
-425
Let v(f) = f**2 - 7*f - 52. Give v(11).
-8
Let f(r) = 6*r**2 + 58*r - 973. Calculate f(13).
795
Let b(j) = -2*j**3 - 3*j**2 - 1000*j - 4038. Calculate b(-4).
42
Let d(k) = -k**3 - 12*k**2 + 5*k - 4. Calculate d(-6).
-250
Let y(x) = 126*x + 241. Give y(-2).
-11
Let i(x) = -x**3 - 17*x**2 + 13761*x + 233937. Give i(-17).
0
Let j(c) = c**2 - 57*c + 83. Give j(-10).
753
Let w(c) = -c**3 + 25*c**2 + 187*c - 13. Determine w(31).
18
Let b(z) = -270*z - 4301. Determine b(-16).
19
Let l(m) = 109*m + 2029. Determine l(-19).
-42
Let u(n) = -n**2 + 40*n + 3578. What is u(-43)?
9
Let a(y) = -y**2 + 51*y - 264. Determine a(45).
6
Let m(c) = 2*c**2 - 52*c - 510. Calculate m(34).
34
Let q(p) = -1767*p - 49464. Give q(-28).
12
Let q(m) = 2886*m - 8702. Calculate q(3).
-44
Let c(m) = m**3 - 23*m**2 + 55*m - 207. Determine c(21).
66
Let a(b) = 189*b - 7242. Determine a(39).
129
Let s(y) = 19*y**3 - 4*y - 6. What is s(-1)?
-21
Let d(k) = k**3 + 6*k**2 - 16*k + 67. Calculate d(-9).
-32
Let z(p) = 54*p - 24. Determine z(-8).
-456
Let f(l) = l**2 - 112*l - 1525. Give f(-12).
-37
Let a(t) = 296*t - 34025. Give a(115).
15
Let f(v) = -31*v - 371. Determine f(-16).
125
Let r(i) = -93*i + 4979. What is r(54)?
-43
Let z(v) = -15*v**3 + 11*v**2 - 19*v + 1. Give z(2).
-113
Let p(a) = -132*a + 22690. Calculate p(172).
-14
Let f(m) = 227*m - 386. What is f(2)?
68
Let z(m) = 117*m**2 - 942*m + 48. What is z(8)?
0
Let d(u) = 3*u**3 - 4*u**2 - 26*u + 39. Give d(3).
6
Let d(j) = -2536*j + 15263. What is d(6)?
47
Let g(t) = t**2 + 45*t - 14. Determine g(0).
-14
Let u(o) = 1846*o + 14769. Give u(-8).
1
Let b(i) = -242*i - 34856. Calculate b(-144).
-8
Let d(v) = -v**2 + 80*v - 1457. Give d(52).
-1
Let c(x) = 2*x**3 + 22*x**2 - 2*x + 40. Give c(-13).
-610
Let j(y) = 3*y**2 - 40*y + 79. What is j(4)?
-33
Let i(w) = -w**3 + 172*w**2 - 490*w - 2876. What is i(169)?
-3
Let f(c) = 137*c - 9737. Calculate f(72).
127
Let m(x) = 1008*x + 8077. Calculate m(-8).
13
Let i(m) = -4*m - 172. Determine i(-26).
-68
Let q(x) = x**2 - 11*x - 27. Calculate q(10).
-37
Let t(n) = 4*n**3 + 53*n**2 + 96*n + 436. Give t(-12).
4
Let j(q) = -560*q - 5709. Determine j(-10).
-109
Let b(t) = t**3 + 10*t**2 - t - 55. Determine b(-9).
35
Let v(y) = 10*y**3 - 67*y**2 + 196*y + 2. Give v(3).
257
Let d(y) = -21*y + 2981. Determine d(143).
-22
Let a(u) = -u**3 + 19*u**2 - 48*u - 143. Give a(17).
-381
Let j(f) = 32*f**3 - 60*f**2 - 13*f - 6. Calculate j(2).
-16
Let t(b) = 7*b - 56. Give t(13).
35
Let a(j) = j**3 + 9*j**2 - 16*j - 161. Give a(-7).
49
Let b(c) = -1284*c - 3860. What is b(-3)?
-8
Let h(g) = g**2 - 111*g + 926. What is h(102)?
8
Let v(d) = 23*d - 33. Give v(4).
59
Let q(w) = w**3 + 17*w**2 + 35*w + 11. Calculate q(-15).
-64
Let g(j) = -j**3 + 31*j**2 - 41*j + 331. Determine g(30).
1
Let k(n) = -n**3 + 2*n**2 + 17*n - 12. What is k(7)?
-138
Let k(t) = -14*t**2 + 171*t + 173. What is k(-1)?
-12
Let w(g) = -274*g + 5. Determine w(-1).
279
Let u(o) = -o**3 + 160*o**2 + 147*o + 2249. What is u(161)?
-5
Let n(y) = -y**3 - 29*y**2 + 49*y - 385. Calculate n(-31).
18
Let d(h) = 113*h + 366. Give d(-7).
-425
Let z(j) = 38*j + 1234. Give z(-33).
-20
Let w(v) = -v**3 + 120*v**2 + 239*v + 618. What is w(122)?
8
Let f(v) = -2*v**3 + 162*v**2 + 678*v + 164. Calculate f(85).
-6
Let p(n) = -124*n - 10779. Calculate p(-87).
9
Let d(z) = -z**3 + 18*z**2 + 4*z - 79. Calculate d(18).
-7
Let k(h) = 2*h - 86. Give k(-5).
-96
Let d(l) = l**3 + 66*l**2 - 132*l + 285. Determine d(-68).
13
Let b(i) = 15337*i + 9. What is b(0)?
9
Let d(n) = -5*n**2 - 314*n - 1943. Determine d(-6).
-239
Let p(r) = -r**3 - 6*r**2 + 24*r + 71. What is p(-8)?
7
Let v(u) = 62*u - 463. Determine v(7).
-29
Let z(r) = 13*r**2 + 35*r + 18. Give z(-6).
276
Let c(j) = 64*j + 1788. Give c(-28).
-4
Let t(d) = 3*d**2 - 371*d - 5045. Calculate t(136).
-13
Let v(y) = y**2 - 31*y - 435. What is v(-11)?
27
Let c(m) = -5*m**2 - 122*m + 1016. What is c(7)?
-83
Let v(m) = -17*m**2 - 1154*m + 115. Determine v(-68).
-21
Let s(z) = z**2 - 14*z + 11. Calculate s(-4).
83
Let a(x) = -52*x - 75. Give a(-8).
341
Let i(w) = -20*w + 331. Determine i(26).
-189
Let i(j) = -153*j - 337. Give i(-2).
-31
Let q(g) = -2*g**2 - 185*g + 1608. What is q(8)?
0
Let b(l) = -13*l**2 + 49*l + 180. Give b(6).
6
Let k(a) = 11*a**2 + 1824*a - 331. Determine k(-166).
1
Let k(l) = 49*l + 179. Give k(-4).
-17
Let m(t) = t**3 + 46*t**2 + 495*t + 75. Give m(-29).
17
Let w(s) = s**3 - 7*s**2 - 44*s + 219. Determine w(9).
-15
Let x(v) = -147*v**2 - 2499*v - 60. What is x(-17)?
-60
Let y(l) = l**3 + 100*l**2 - 108*l - 612. What is y(-101)?
95
Let i(f) = 8*f**2 - 102*f - 139. Calculate i(14).
1
Let a(u) = -3*u**2 + 24*u + 175. Determine a(-7).
-140
Let a(m) = -159*m - 401. Give a(-3).
76
Let r(x) = x**3 + 27*x**2 + 18*x - 63. Determine r(-26).
145
Let l(f) = -2326*f + 18610. Determine l(8).
2
Let x(j) = -j**3 - 17*j**2 + 140*j - 38. Calculate x(6).
-26
Let d(a) = -4*a**2 + 73*a + 41. Calculate d(19).
-16
Let t(k) = -5*k + 56. Determine t(-7).
91
Let m(a) = a + 36. Determine m(7).
43
Let c(u) = -7485*u + 74861. Determine c(10).
11
Let s(z) = -7*z + 41. What is s(-4)?
69
Let w(z) = -126*z**2 + 1103*z + 5. Give w(9).
-274
Let v(a) = 28*a**3 - 9*a**2 - 3*a. Determine v(-1).
-34
Let b(r) = -68*r - 1488. Give b(-20).
-128
Let k(l) = l**3 - 9*l**2 + l - 58. What is k(8)?
-114
Let l(o) = 422*o**3 + 25*o**2 + o - 1. Give l(1).
447
Let r(f) = f**2 - 8*f - 45. What is r(10)?
-25
Let z(p) = -2*p**3 - 8*p**2 - 40*p - 240. Calculate z(-5).
10
Let g(q) = -2*q**3 + 132*q**2 - 137*q + 424. Determine g(65).
-31
Let x(g) = -13*g**2 - 728*g - 23. Give x(-56).
-23
Let k(q) = -2*q**2 - 53*q + 6. What is k(-26)?
32
Let v(u) = -u**3 - 294*u**2 - 4456*u - 133. Determine v(-16).
-5
Let g(b) = 20*b - 124. What is g(-4)?
-204
Let o(b) = -b**3 - 5*b**2 - 18*b + 10. Determine o(-10).
690
Let d(n) = -6*n**2 - 26*n + 90. Determine d(3).
-42
Let q(z) = -14*z**2 - 43*z + 57. Determine q(-4).
5
Let a(l) = 49*l**2 - 1537*l - 5. What is a(31)?
-563
Let z(a) = 2*a**3 + 53*a**2 + 10*a - 1619. Give z(-25).
6
Let y(v) = -239*v**2 - 1187*v + 32. Give y(-5).
-8
Let o(m) = -m**2 + 81*m - 795. Give o(69).
33
Let l(o) = 2*o**3 - 96*o**2 - 87*o + 32. Determine l(49).
571
Let c(o) = -33*o**2 - 490*o - 62. Determine c(-15).
-137
Let w(s) = 14*s + 125. What is w(-8)?
13
Let k(r) = 11*r + 276. What is k(-29)?
-43
Let s(t) = 2*t**3 + 20*t**2 - 8*t + 94. Determine s(-10).
174
Let c(v) = -6*v**2 + 878*v - 5066. What is c(6)?
-14
Let w(u) = -u**3 + 13*u**2 - 19*u + 63. What is w(12)?
-21
Let j(f) = -371*f - 1952. Give j(-5).
-97
Let o(a) = -60*a**3 - 3*a**2 - 24*a - 24. Give o(-1).
57
Let v(j) = 111*j - 2553. What is v(23)?
0
Let t(k) = k**3 + 19*k**2 + 84*k - 12. Give t(-9).
42
Let b(z) = 3*z**2 - 41*z - 3. Calculate b(16).
109
Let q(t) = 395*t + 2112. Give q(-5).
137
Let g(f) = -695*f + 16674. Determine g(24).
-6
Let k(i) = i**3 - 20*i**2 - 13*i - 439. What is k(22)?
243
Let s(p) = -9*p - 90. Determine s(-23).
117
Let x(o) = o**3 + 11*o**2 + 10*o - 96. What is x(-8)?
16
Let c(q) = -46776*q - 93553. Determine c(-2).
-1
Let r(n) = -277*n + 3877. What is r(14)?
-1
Let u(s) = -359*s + 4670. Determine u(13).
3
Let i(s) = -64*s + 10. Give i(1).
-54
Let g(q) = -q**3 + 57*q**2 - 45*q - 596. Calculate g(56).
20
Let c(h) = -6*h**2 - 18*h + 104. Calculate c(0).
104
Let j(l) = 1596*l + 17